 d(v) be the third derivative of v**6/120 + v**5/12 - v**4/24 + 5*v**3/6 - 7*v**2 - 4*v. What is d(-5)?
10
Let f(m) = 2*m + m + 0*m + 4. Let n be -6 + ((-3)/(-8) - 72/192). What is f(n)?
-14
Let l(z) = 3*z + 3. Suppose g - 16 = -4. Suppose 10*p - 6 = g*p. Determine l(p).
-6
Let h(s) = -4*s**3 - s - 1. Let k be (2 - 3)*1 + 3. Let n(z) = z**3 + 7*z + 7 + 5*z**2 + 4*z**2 + k*z. Let b be n(-8). What is h(b)?
4
Let h(w) = 4*w + 1 - w**2 + 0 + 6. Let x be h(5). Let o(u) = 2 + 9 + x*u - u - 2. What is o(-5)?
4
Suppose 2*o + 49*t - 53*t = 0, 4*o - 15 = 3*t. Let p(u) = -u**3 + 7*u**2 - 8*u - 6. What is p(o)?
-18
Let c(r) = r**3 + 8*r**2 - 2*r - 12. Let g be (-8)/((-24)/(-6) + -3). Give c(g).
4
Let r(m) = 21*m + 2. Let o(y) = -11*y - 1. Let p(d) = -10*o(d) - 6*r(d). Determine p(-1).
14
Let o(u) be the second derivative of -u**4/12 + 2*u**3/3 + 49*u**2/2 + 223*u. Give o(9).
4
Suppose -81 = y - 83. Suppose 4*s = y*s - 2. Let a(v) = 5*v**3 - 2*v**2 - 2*v - 1. Give a(s).
-6
Let p(d) be the first derivative of 11 + 0*d**3 - 1/2*d**4 + 0*d**2 + 0*d. Determine p(-2).
16
Let j(v) = v**3 + 2*v - 1. Let o = 48 + -69. Let y = o - -22. Calculate j(y).
2
Let h(b) = 3*b**3 - 5*b**2 + 6*b - 6. Let r(o) = -o**3 + o**2 - o + 1. Let a(u) = h(u) + 5*r(u). Let q = 7 - 5. Give a(q).
-15
Let l be 12/3 - -6 - 7. Let k = 4 - 2. Let z(v) = 0*v - k*v + 4*v - l*v. Determine z(-4).
4
Let w(k) = k**2 - 6*k - 8. Suppose 46 = -4*i + 74. Calculate w(i).
-1
Let h(b) be the second derivative of 1/6*b**3 + 0 - 48*b - 2*b**2. What is h(3)?
-1
Let g(t) = t**3 - 6*t**2 + 3*t + 5. Let w(b) = -b**2 - 6*b - 5. Let r be w(-3). Suppose -18 = -4*y - 2*i, r*y - 23 = 4*i + 1. Give g(y).
-5
Let m = -2 - 7. Let t(h) = h**3 + 8*h**2 - 11*h - 9. Let d be t(m). Suppose 0*a + 5*a = 4*c + 23, -a + 3*c + d = 0. Let q(r) = -r**2 + 2*r - 4. Give q(a).
-7
Suppose 2*w - 6 - 16 = 0. Let u(f) = -9*f + 3*f**2 + 2 + 2*f + w*f. Determine u(-3).
17
Suppose -3*z + 1 = -5. Let n be (2 - z)/(-5 - -4). Let m be ((-1)/1)/(n - 1). Let t(v) = 3*v**3 - 2*v**2 + 1. Calculate t(m).
2
Let s(u) = 9*u + 1 + u**3 - 2*u - 7*u**2 + 0*u. Suppose 73 - 53 = 4*k. Give s(k).
-14
Let w(v) = 4*v**3 - 12*v**2 - 3*v. Let p(u) = u**3 - u**2. Let t(y) = -5*p(y) + w(y). Give t(-5).
-35
Let g = -31 - 27. Let d = g - -64. Let s(u) = 5*u - 14. Let j(a) = -a + 3. Let i(h) = -11*j(h) - 2*s(h). Determine i(d).
1
Let h(g) = 16*g**2 - 9*g - 31. Let v(w) = 7*w**2 - 4*w - 16. Let r(z) = -4*h(z) + 9*v(z). Calculate r(0).
-20
Let b be (-3 - -2)*-7 - 0. Suppose -2*p = -4*q - 2, -p - b = 5*q - 15. Let j(t) = 0*t**p + 6*t - t**2 + 27 - 23 - t**3 - 3*t. Give j(-3).
13
Let c(b) = -2*b**3 + 5*b**2 - b + 1. Let h be c(2). Let k(i) = -3*i**3 + 9*i**2 - 6*i + 4. Determine k(h).
-14
Let l be ((-6)/4)/((4/4)/8). Let x(q) = q**3 + 11*q**2 - 13*q - 6. What is x(l)?
6
Let y(c) be the third derivative of -c**9/60480 - c**8/20160 - c**7/5040 - 3*c**5/20 + 2*c**2. Let k(t) be the third derivative of y(t). Give k(0).
0
Suppose 3*y + 2 - 8 = 0. Let t(n) = 4 - 6*n + 12*n**2 - 6*n**2 - 5*n**y - 2*n**2. Let d(s) = s**3 + 3*s**2 - 2*s + 3. Let r be d(-4). Determine t(r).
9
Suppose 0 = -28*p - 15*p - 387. Let c(o) = -o**3 - 9*o**2 - o - 1. Determine c(p).
8
Let l(h) = 4*h + 3. Suppose -39 = 32*f + 25. What is l(f)?
-5
Let c(f) = -f**2 - 5*f + 10. Let g be c(-7). Let o = g - -8. Let p(z) = 15*z - 15. Let b(w) = -8*w + 8. Let k(u) = -5*b(u) - 3*p(u). Give k(o).
-15
Let o(s) = 4*s**3 - 7*s**3 + 2 + 10*s**2 + 2*s**3 + 11*s. Let t(w) = w**3 - 9*w**2 - 10*w - 2. Let q(b) = 3*o(b) + 4*t(b). Determine q(7).
-2
Suppose 3*s = 5*t + 14, 4*s - 4*t - 17 = t. Suppose s*p - 6 = -3*p. Let u(f) = -f**3 - f + 1. Calculate u(p).
-1
Let p(v) = -v - 1. Let r(y) = -y - 7. Let n(u) = -2*p(u) + r(u). Let a = -25 + 25. Suppose a = -3*z + 8*z. Give n(z).
-5
Let n = 4 + -4. Let q(j) = j + 3 - 1 + n. Let b(f) = -2*f - 23. Let v be b(-13). Determine q(v).
5
Let f = -38 + 39. Let m(l) = -3 + 3 - 1 - 14*l**2. Let q(n) = -28*n**2 + n - 3. Let h(y) = 5*m(y) - 2*q(y). Calculate h(f).
-15
Let v(m) be the third derivative of m**6/120 - m**5/15 + m**4/24 - m**3/6 - 35*m**2 - 3*m. Let h be (6/(-18))/((-1)/12). What is v(h)?
3
Let b(k) = 5*k**3 - 5*k**2 - 10*k - 3. Let u(z) = z**3 - z - 1. Let o(f) = -b(f) + 6*u(f). Let m be o(-3). Let j(g) = 0*g + 5*g - 6 - m*g. Calculate j(6).
6
Let g(y) = y**3 - 4*y**2 - 3*y + 5. Let a = 245 + -240. What is g(a)?
15
Let o be (-1*(1 - 0))/(40/(-200)). Suppose -4*f + 9 = -f. Let s(p) = 3*p - 7 - f*p + 2*p. Give s(o).
3
Let s(w) be the second derivative of -w**5/60 + w**4/24 - 3*w**2 - 7*w. Let i(o) be the first derivative of s(o). Determine i(4).
-12
Let c(z) be the third derivative of 1/8*z**4 - 1/20*z**5 + 0 - 1/6*z**3 + 0*z - 34*z**2. Give c(2).
-7
Suppose -60 = -6*c + 5*c. Let r = c + -33. Let b(n) = -18*n - 1 - 21*n + r*n. Determine b(-1).
11
Suppose 11 = -3*b + g, b - 5*g + 23 = 2*b. Let u = b + 11. Let x(c) = -c**3 + 8*c**2 + 10*c - 3. Calculate x(u).
6
Suppose -3*b + z - 12 = 0, 0 = b + 4*z - 2*z + 4. Let c(j) = j**2 + 3*j + 6. Give c(b).
10
Let z be 2*-1*(-1 + 2)*-1. Suppose -2 = -z*q - 0. Let d(u) = -13*u**2 + 1. Determine d(q).
-12
Suppose 2*g = -2*d + 20, -3*g - 7 = d - 27. Let o(v) be the third derivative of v**5/60 - 5*v**4/24 - 5*v**3/6 - 2*v**2. Determine o(d).
-5
Suppose -4*o + 7 = -65. Let r(j) = 2*j - 33 + 17 + o. Determine r(-6).
-10
Let i(q) be the first derivative of 2*q**2 - 9*q - 9. Let t be i(3). Let p(g) = -19*g - t + 20*g - 1. Determine p(6).
2
Let i(b) = b**3 - 3*b**2 - 5*b + 6. Suppose -3*r + 15 = -0*r + 3*f, r - 3*f = 1. Give i(r).
2
Suppose 0*v - 2 = -2*v. Let z(s) = 0 - 5 + s + v. Calculate z(-5).
-9
Suppose 1 + 6 = 7*n. Let j(i) = 19*i + 1. Calculate j(n).
20
Let h(o) = -10*o + 5 - 1561138*o**2 + 0 + 1561137*o**2. Let a(s) = -s**3 + 7*s**2 - 9*s + 9. Let b be a(6). Calculate h(b).
14
Let r(m) = m**2 + 5*m + 2. Suppose -4*s = -3*f + 8, 0 = s + 2. Suppose f = -a + 45 - 53. Calculate r(a).
26
Let g(v) = -v**2 + 2. Let t = -518 - -515. Determine g(t).
-7
Let g be -1 - -2 - 6/(-2) - 4. Suppose -3*z + g = -24. Let y(s) = s - 18. What is y(z)?
-10
Let c(q) = 2*q - 1. Let t(p) = -2*p - 20. Let b be t(0). Let m = b - -22. Suppose -16 = -5*r + r - 2*s, 0 = -m*s. Give c(r).
7
Let t(f) = 11*f - 6. Let k(r) be the first derivative of -39*r**2/2 + 21*r + 91. Let v(q) = 10*q - 2. Let c be v(2). Let g(a) = c*t(a) + 5*k(a). What is g(2)?
3
Suppose -t + x + 0*x + 10 = 0, 3*t + 4*x = 9. Let l(z) = 3*z**2 + 3*z - 4*z**2 + t + 0*z**2. Let f be -1*(2 - (-21)/(-3)). Give l(f).
-3
Let o(f) = -f**2 + 49*f - 563. Let d be o(31). Let v(w) = -w + 5. Let x(i) = -i. Let l be (-1)/(6/(-4) + 1). Let n(y) = l*x(y) - v(y). What is n(d)?
0
Let x = -18 + 11. Suppose -9 = -5*u + 1. Let k(l) = -4*l**2 - 13*l + 7. Let d(g) = -g**2 - 4*g + 2. Let h(w) = u*k(w) + x*d(w). Give h(3).
-3
Let t(y) = -2*y + 30. Suppose 375 = -55*z + 80*z. Give t(z).
0
Let u(h) = h**2 + 9*h + 9. Let s be u(-8). Suppose 3 = f - s. Suppose 8*x - f*x - 20 = 0. Let b(m) = -m**2 + 5*m - 1. Calculate b(x).
-1
Let h(n) = 5*n**2 - 4 - n**3 - n**2 + 31*n + n**2 - 35*n. Let d(y) = -y**3 + 5*y**2 - 4*y - 4. Let z(o) = 5*d(o) - 4*h(o). Determine z(4).
-4
Let o(f) = -f**3 + 14*f**2 + 3*f - 43. Let c be o(14). Let h(u) be the third derivative of -3*u**6/40 - u**5/60 + u**3/6 + 5*u**2. What is h(c)?
9
Let o(r) = -4*r + 261*r**3 - 3*r - 262*r**3 - 3*r**2 + 5*r - r - 17. What is o(-4)?
11
Let y(b) = 5*b**2 - 6*b + 117 + 5*b - 118. Let k be (-2)/(-2)*(2 - 3). Give y(k).
5
Let x(b) = b - 6. Suppose -3*a + 7 = -s - 3*s, 2*a - 6 = 3*s. Suppose -7*v = -6*v, 16 = -4*y + v. Let o = y - s. Give x(o).
-6
Let v(y) be the third derivative of y**6/15 + y**5/30 - y**3/6 + 148*y**2. Determine v(-1).
-7
Let k(q) = -7*q - 6*q**2 + 0 - 2*q**3 - 4 + q**3. Let s = -46 + 41. Let m be 8/(s + (1 - -2)). Give k(m).
-8
Let n be 15/4 + (-2)/(-8). Let j(s) be the third derivative of -s**4/12 + 2*s**3/3 - 105*s**2. What is j(n)?
-4
Suppose 0 = -130*c + 148*c + 108. Let t(k) be the third derivative of k**4/12 + 3*k**3/2 - k**2. Determine t(c).
-3
Let i(t) be the third derivative of t**6/120 + t**5/30 - 5*t**4/24 - t**3/2 + 40*t**2. What is i(-3)?
3
Let w(j) = j**3 - 7*j**2 + 7. Suppose -53*u - 42 = -59*u. Determine w(u).
7
Suppose 6 + 2 = -4*o, 0 = 2*m